{"id":753,"date":"2018-08-30T11:55:33","date_gmt":"2018-08-30T14:55:33","guid":{"rendered":"https:\/\/isortiz-cba.infd.edu.ar\/sitio\/historia\/"},"modified":"2020-09-14T14:53:04","modified_gmt":"2020-09-14T17:53:04","slug":"historia","status":"publish","type":"page","link":"https:\/\/isortiz-cba.infd.edu.ar\/sitio\/historia\/","title":{"rendered":"Historia"},"content":{"rendered":"<p><span style=\"font-family: trebuchet ms, geneva, sans-serif; font-size: 12pt;\"><span style=\"color: #000000;\">El<\/span> Instituto Superior inici\u00f3 su tarea de formaci\u00f3n docente el 1\u00b0 de abril de 1968, surgi\u00f3 por la demanda de contadores y abogados que ejerc\u00edan la docencia en la Escuela de Comercio, \u201cJer\u00f3nimo Luis de Cabrera\u201d de gesti\u00f3n estatal de la Provincia de C\u00f3rdoba. El contrato fundacional que responde a la demanda de este grupo de profesionales fue ratificado por la Resoluci\u00f3n Ministerial N\u00b0 5172. <\/span><\/p>\n<p><span style=\"font-family: trebuchet ms, geneva, sans-serif; font-size: 12pt;\">A partir de esta fecha y de manera ininterrumpida, fue cumpliendo con el mandato de su contrato fundacional hasta llegar a esta transformaci\u00f3n educativa que le supone renovarlo a partir de la Ley de Educaci\u00f3n y de las normales legales jurisdiccionales concordantes.<\/span><\/p>\n<p><span style=\"font-family: trebuchet ms, geneva, sans-serif; font-size: 12pt;\">Hoy se requiere la transformaci\u00f3n que supone formar y capacitar a trav\u00e9s del desarrollo y la adquisici\u00f3n de competencias cognoscitivas, procedimentales y actitudinales a educadores del 3\u00b0 ciclo de la EGB u del Polimodal.<\/span><\/p>\n<p><span style=\"font-family: trebuchet ms, geneva, sans-serif; font-size: 12pt;\"><strong><br \/>\n<span style=\"color: #000080;\">O<\/span><\/strong><span style=\"color: #000080;\"><strong>rtiz y Herrera, su vida y su historia. <\/strong><\/span><\/span><\/p>\n<p><span style=\"font-family: trebuchet ms, geneva, sans-serif; font-size: 12pt;\"><strong>H<\/strong>ab\u00eda nacido en San Juan, en 1845, Jos\u00e9 Antonio Ortiz y Herrera. Hijo del coronel Severo Ortiz, nacido en C\u00f3rdoba y su madre Mar\u00eda de la Cruz Garc\u00eda Posse, tambi\u00e9n cordobesa.<\/span><\/p>\n<p>De ni\u00f1o es tra\u00eddo a C\u00f3rdoba pues aqu\u00ed fijan su residencia sus progenitores. Concurri\u00f3 al colegio Monserrat y al marchar a Buenos Aires sigui\u00f3 sus estudios en la facultad de Medicina de aquella ciudad.<\/p>\n<p>Al producirse el conflicto armando con el Paraguay, en 1865, las palabras del presidente Bartolom\u00e9 Mitre enfervorizaron, sobre todo a la juventud porte\u00f1a. Se lanz\u00f3 en las calles a inscribirse en las listas de enganche para ir a la guerra.<\/p>\n<p>Le toco vivir los largos d\u00edas de la cotidianidad, el dolor de la lucha en los esteros pantanosos, actuando como practicante en los hospitales de sangre. Su jefe, el coronel Emilo Conesa, destaco su desempe\u00f1o en la acci\u00f3n de Boquer\u00f3n. Fueron a\u00f1os de dura experiencia.<\/p>\n<p>En el combate de Curupaity, en instantes de estar entregado a la humanitaria misi\u00f3n de atender a un soldado herido, a corta distancia ca\u00eda muerto su padre. Cuando en 1870 las acciones b\u00e9licas terminaron, el joven regreso a Buenos Aires dispuesto a reanudar sus estudios de medicina. Si lo hizo hasta obtener su diploma de m\u00e9dico cirujano en la Facultad de Ciencias Medicas, en 1871.<\/p>\n<p>En otros t\u00e9rminos, por ley del 24 de julio de 1907 se creo la Escuela de Comercio teniendo como base el curso nocturno de la actual \u201cJer\u00f3nimo Luis de Cabrera\u201d hubo un repunte en la actividad del cr\u00e9dito, ya que se inaugura la sucursal del Banco Espa\u00f1ol del R\u00edo de la Plata el 10 de agosto de 1907.<\/p>\n<p>Al declararse la fiebre amarrilla, colaboro con la comisi\u00f3n popular formada para ayudar a quienes eran atacados por la enfermedad y tratar de difundir medidas profil\u00e1cticas para evitar la propagaci\u00f3n de la epidemia. En aquella dolorosa circunstancia, paso por el trance de ver morir a su madre.<\/p>\n<p><span style=\"color: #000080;\"><strong>Su actividad universitaria<\/strong>.<\/span><\/p>\n<p>Su car\u00e1cter apacible, le hicieron ganar prestigio llev\u00e1ndolo a presidir la Sociedad Medico Farmac\u00e9utico formada por esos a\u00f1os.<\/p>\n<p>Su esp\u00edritu generoso lo llevo a actuar gratuitamente en diversas instituciones religiosas y entre ellas a los asilos de las Hu\u00e9rfanas, comunidad muy pobre y que efectuaba una benem\u00e9rita acci\u00f3n.<\/p>\n<p>En los diarios de aquellas \u00e9poca se e registran episodios acerca de la forma profundamente humana con la que actuaba. Siendo protom\u00e9dico, el gobierno nacional le designo integrante del tribunal de examen de los alumnos del curso inicial en la Facultad de Ciencias M\u00e9dicas de C\u00f3rdoba, en 1878. Al a\u00f1o siguen fue nombrado titular de la c\u00e1tedra de Patolog\u00eda Especial y Cl\u00ednica M\u00e9dica.<\/p>\n<p>En el a\u00f1o 1879, contrajo matrimonio con Andrea Salvatierra, con quien no tuvo hijos.<\/p>\n<p>Ortiz y Herrera, dejose llevar siempre en su esp\u00edritu hondamente generoso y epidemia asolaba la provincia era de los primero en presentarse para colaborar en ir contra el mal.<\/p>\n<p>Durante la c\u00e1tedra universitaria, Ortiz y Herrera labrose un innegable prestigio durante casi treinta a\u00f1os. En 1880, remplazo al decano de la Facultad de Ciencias M\u00e9dicas.<\/p>\n<p>En ese entonces oriento su esfuerzo a darle al ya antiguo Hospital San Roque otra organizaci\u00f3n y refaccionar el edificio. El 5 de abril de 1881, el gobernador Miguel Ju\u00e1rez Celman lo designa medico de los Hospitales de la ciudad. Ello le dio oportunidad para que la Facultad de Ciencias M\u00e9dicas pudiera realizar en tales nosocomios las experiencias de sus alumnos y profesores.<\/p>\n<p><span style=\"color: #000080;\"><strong>Camino a la gobernaci\u00f3n.<\/strong><\/span><\/p>\n<p><strong>D<\/strong>e 1881 a 1893 fue senador provincial por el departamento Cruz del Eje, luego se desempe\u00f1\u00f3 como vicegobernador (1895 &#8211; 1898) y como presidente provisorio de la C\u00e1mara de Senadores entre 1902 y 1904 y en 1906. Tambi\u00e9n se desempe\u00f1\u00f3 como convencional constituyente en 1900. Adem\u00e1s hab\u00eda sido rector de la universidad, en 1897.<\/p>\n<p><span style=\"color: #000080;\"><strong>Primer mandatario provincial.<\/strong><\/span><\/p>\n<p><strong>E<\/strong>l 17 de mayo de 1907 asumi\u00f3 como gobernador de C\u00f3rdoba. Ortiz y Herrera ten\u00eda amistad con Julio A. Roca, y el entonces presidente Figueroa Alcorta no, lo cual inici\u00f3 una mala relaci\u00f3n entre \u00e9ste y el gobernador. Este odio personal hacia Ortiz y Herrera, caus\u00f3 que el presidente env\u00ede una intervenci\u00f3n a la provincia.<\/p>\n<p>El gobernador renunci\u00f3 el 3 de septiembre de 1909, antes de la llegada del interventor Eliseo Cant\u00f3n. Dado que el vicegobernador Del Barco hab\u00eda renunciado el a\u00f1o anterior, el presidente provisorio del Senado, Dr. Mardoqueo Molina, asumi\u00f3 el gobierno hasta la llegada del interventor.<\/p>\n<p>En su renuncia, Ortiz y Herrera afirma: \u00abHe resistido (&#8230;) hasta la \u00faltima extremidad. No dispongo ni he podido disponer de los medios necesarios para impedir el hecho que se consuma, y, como hombre de convicci\u00f3n y principios, debo obediencia y acatamiento a las leyes de la Naci\u00f3n, que obedezco y acato.\u00bb<\/p>\n<p>El Dr. Ortiz y Herrera falleci\u00f3 en 1911.<\/p>\n","protected":false},"excerpt":{"rendered":"<p>El Instituto Superior inici\u00f3 su tarea de formaci\u00f3n docente el 1\u00b0 de abril de 1968, surgi\u00f3 por la demanda de contadores y abogados que ejerc\u00edan la docencia en la Escuela de Comercio, \u201cJer\u00f3nimo Luis de Cabrera\u201d de gesti\u00f3n estatal de la Provincia de C\u00f3rdoba. El contrato fundacional que responde a la demanda de este grupo &#8230; <a title=\"Historia\" class=\"read-more\" href=\"https:\/\/isortiz-cba.infd.edu.ar\/sitio\/historia\/\" aria-label=\"More on Historia\">[+]<\/a><\/p>\n","protected":false},"author":47,"featured_media":0,"parent":0,"menu_order":0,"comment_status":"closed","ping_status":"closed","template":"","meta":[],"acf":[],"_links":{"self":[{"href":"https:\/\/isortiz-cba.infd.edu.ar\/sitio\/wp-json\/wp\/v2\/pages\/753"}],"collection":[{"href":"https:\/\/isortiz-cba.infd.edu.ar\/sitio\/wp-json\/wp\/v2\/pages"}],"about":[{"href":"https:\/\/isortiz-cba.infd.edu.ar\/sitio\/wp-json\/wp\/v2\/types\/page"}],"author":[{"embeddable":true,"href":"https:\/\/isortiz-cba.infd.edu.ar\/sitio\/wp-json\/wp\/v2\/users\/47"}],"replies":[{"embeddable":true,"href":"https:\/\/isortiz-cba.infd.edu.ar\/sitio\/wp-json\/wp\/v2\/comments?post=753"}],"version-history":[{"count":3,"href":"https:\/\/isortiz-cba.infd.edu.ar\/sitio\/wp-json\/wp\/v2\/pages\/753\/revisions"}],"predecessor-version":[{"id":1624,"href":"https:\/\/isortiz-cba.infd.edu.ar\/sitio\/wp-json\/wp\/v2\/pages\/753\/revisions\/1624"}],"wp:attachment":[{"href":"https:\/\/isortiz-cba.infd.edu.ar\/sitio\/wp-json\/wp\/v2\/media?parent=753"}],"curies":[{"name":"wp","href":"https:\/\/api.w.org\/{rel}","templated":true}]}}