{"id":5065,"date":"2025-11-17T21:30:19","date_gmt":"2025-11-18T00:30:19","guid":{"rendered":"https:\/\/isortiz-cba.infd.edu.ar\/sitio\/?page_id=5065"},"modified":"2025-12-23T19:23:29","modified_gmt":"2025-12-23T22:23:29","slug":"profesorado-de-educacion-secundaria-en-economia","status":"publish","type":"page","link":"https:\/\/isortiz-cba.infd.edu.ar\/sitio\/inscripcion-definitiva\/profesorado-de-educacion-secundaria-en-economia\/","title":{"rendered":"Profesorado de Educaci\u00f3n Secundaria en Econom\u00eda"},"content":{"rendered":"\n<p><strong>A partir del 23 de febrero del 2026<\/strong> recibiremos documentaci\u00f3n correspondiente a la inscripci\u00f3n definitiva en el Insituto.<\/p>\n\n\n\n<p>Horario de atenci\u00f3n: Lunes a viernes de 19 a 21 hs. <\/p>\n\n\n\n<p>Requisitos: <\/p>\n\n\n\n<ul>\n<li>1 folio<\/li>\n\n\n\n<li>Ficha de Inscripci\u00f3n completa. (<a href=\"https:\/\/isortiz-cba.infd.edu.ar\/sitio\/wp-content\/uploads\/2025\/11\/Ficha-de-inscripcion-Profesorado-_-1-ANO.pdf\">Descargar<\/a>)<\/li>\n\n\n\n<li>Original y copia de DNI<\/li>\n\n\n\n<li>Fotocopia de Partida de Nacimiento (no hace falta que est\u00e9 actualizada)<\/li>\n\n\n\n<li>Original y Copia de T\u00edtulo Anal\u00edtico del secundario.<\/li>\n\n\n\n<li>Original y Copia de Certificado \u00danico de Salud (CUS)  Con fecha del a\u00f1o 2026 -Se presenta en 2026. (<a href=\"https:\/\/isortiz-cba.infd.edu.ar\/sitio\/wp-content\/uploads\/2025\/11\/Certificado-Unico-de-Salud-CUS.pdf\">Descargar<\/a>)<\/li>\n\n\n\n<li>Original y Copia de Certificado de no inscripci\u00f3n en el Registro Provincial de personas condenadas por delitos contra la integridad sexual. (Solicitar en el CIDI como Ley 9680&nbsp; y con fecha del a\u00f1o 2026). Se presenta en 2026.<\/li>\n\n\n\n<li>Bono voluntario de Cooperadora. ($26.000, solo efectivo)<\/li>\n\n\n\n<li>2 fotos carnet<\/li>\n<\/ul>\n\n\n\n<div class=\"wp-block-file\"><a id=\"wp-block-file--media-781db14c-a34b-46f3-99ac-2deb544aadf9\" href=\"https:\/\/isortiz-cba.infd.edu.ar\/sitio\/wp-content\/uploads\/2025\/11\/Certificado-Unico-de-Salud-CUS.pdf\">Certificado-Unico-de-Salud-CUS<\/a><a href=\"https:\/\/isortiz-cba.infd.edu.ar\/sitio\/wp-content\/uploads\/2025\/11\/Certificado-Unico-de-Salud-CUS.pdf\" class=\"wp-block-file__button wp-element-button\" download aria-describedby=\"wp-block-file--media-781db14c-a34b-46f3-99ac-2deb544aadf9\">Descarga<\/a><\/div>\n\n\n\n<div class=\"wp-block-file\"><a id=\"wp-block-file--media-272242e4-12f1-479c-b8e4-120bc9c79a6b\" href=\"https:\/\/isortiz-cba.infd.edu.ar\/sitio\/wp-content\/uploads\/2025\/11\/Ficha-de-inscripcion-Profesorado-_-1-ANO.pdf\">Ficha-de-inscripcion-Profesorado-_-1-ANO<\/a><a href=\"https:\/\/isortiz-cba.infd.edu.ar\/sitio\/wp-content\/uploads\/2025\/11\/Ficha-de-inscripcion-Profesorado-_-1-ANO.pdf\" class=\"wp-block-file__button wp-element-button\" download aria-describedby=\"wp-block-file--media-272242e4-12f1-479c-b8e4-120bc9c79a6b\">Descarga<\/a><\/div>\n","protected":false},"excerpt":{"rendered":"<p>A partir del 23 de febrero del 2026 recibiremos documentaci\u00f3n correspondiente a la inscripci\u00f3n definitiva en el Insituto. Horario de atenci\u00f3n: Lunes a viernes de 19 a 21 hs. Requisitos:<\/p>\n","protected":false},"author":1120,"featured_media":0,"parent":5062,"menu_order":0,"comment_status":"closed","ping_status":"closed","template":"","meta":[],"acf":[],"_links":{"self":[{"href":"https:\/\/isortiz-cba.infd.edu.ar\/sitio\/wp-json\/wp\/v2\/pages\/5065"}],"collection":[{"href":"https:\/\/isortiz-cba.infd.edu.ar\/sitio\/wp-json\/wp\/v2\/pages"}],"about":[{"href":"https:\/\/isortiz-cba.infd.edu.ar\/sitio\/wp-json\/wp\/v2\/types\/page"}],"author":[{"embeddable":true,"href":"https:\/\/isortiz-cba.infd.edu.ar\/sitio\/wp-json\/wp\/v2\/users\/1120"}],"replies":[{"embeddable":true,"href":"https:\/\/isortiz-cba.infd.edu.ar\/sitio\/wp-json\/wp\/v2\/comments?post=5065"}],"version-history":[{"count":7,"href":"https:\/\/isortiz-cba.infd.edu.ar\/sitio\/wp-json\/wp\/v2\/pages\/5065\/revisions"}],"predecessor-version":[{"id":5102,"href":"https:\/\/isortiz-cba.infd.edu.ar\/sitio\/wp-json\/wp\/v2\/pages\/5065\/revisions\/5102"}],"up":[{"embeddable":true,"href":"https:\/\/isortiz-cba.infd.edu.ar\/sitio\/wp-json\/wp\/v2\/pages\/5062"}],"wp:attachment":[{"href":"https:\/\/isortiz-cba.infd.edu.ar\/sitio\/wp-json\/wp\/v2\/media?parent=5065"}],"curies":[{"name":"wp","href":"https:\/\/api.w.org\/{rel}","templated":true}]}}